{"id":71,"date":"2023-04-05T09:52:37","date_gmt":"2023-04-05T07:52:37","guid":{"rendered":"https:\/\/webdordogne.com\/?page_id=71"},"modified":"2023-04-05T09:52:37","modified_gmt":"2023-04-05T07:52:37","slug":"bergerac-perigueux-sarlat-nontron","status":"publish","type":"page","link":"https:\/\/xp1.webdordogne.com\/index.php\/agence-web-dordogne\/bergerac-perigueux-sarlat-nontron\/","title":{"rendered":"Bergerac, P\u00e9rigueux, Sarlat, Nontron"},"content":{"rendered":"<p>[vc_row height=\u00a0\u00bbauto\u00a0\u00bb us_bg_image_source=\u00a0\u00bbmedia\u00a0\u00bb us_bg_image=\u00a0\u00bb8478&Prime; us_bg_size=\u00a0\u00bbinitial\u00a0\u00bb us_bg_pos=\u00a0\u00bbbottom center\u00a0\u00bb us_bg_overlay_color=\u00a0\u00bbrgba(0,0,0,0.30)\u00a0\u00bb][vc_column][us_separator size=\u00a0\u00bblarge\u00a0\u00bb][us_post_title tag=\u00a0\u00bbh1&Prime; align=\u00a0\u00bbcenter\u00a0\u00bb css=\u00a0\u00bb%7B%22default%22%3A%7B%22color%22%3A%22%23ffffff%22%7D%7D\u00a0\u00bb][us_breadcrumbs show_current=\u00a0\u00bb1&Prime; align=\u00a0\u00bbcenter\u00a0\u00bb css=\u00a0\u00bb%7B%22default%22%3A%7B%22color%22%3A%22_header_middle_bg%22%2C%22font-size%22%3A%2215px%22%7D%2C%22mobiles%22%3A%7B%22font-size%22%3A%2212px%22%7D%7D\u00a0\u00bb][us_separator size=\u00a0\u00bblarge\u00a0\u00bb][\/vc_column][\/vc_row][vc_row height=\u00a0\u00bbauto\u00a0\u00bb][vc_column][vc_column_text css=\u00a0\u00bb%7B%22default%22%3A%7B%22padding-top%22%3A%22120px%22%2C%22padding-bottom%22%3A%2260px%22%7D%7D\u00a0\u00bb]<\/p>\n<h2>Notre Engagement envers la Dordogne<\/h2>\n<p>[\/vc_column_text][vc_column_text css=\u00a0\u00bb%7B%22default%22%3A%7B%22padding-bottom%22%3A%2240px%22%7D%7D\u00a0\u00bb]Web Dordogne\u00ae est une agence locale \u00e0 100%. Chaque collaborateur r\u00e9side en Dordogne et nous travaillons uniquement pour les structures locales sur les arrondissements de Bergerac, P\u00e9rigueux, Sarlat et Nontron.<\/p>\n<p>Nous sommes passionn\u00e9s par l&rsquo;internet, mais aussi par notre pays, la Dordogne. Nous avons fait le choix de nous y \u00e9panouir professionnellement et personnellement. Nous sommes fiers de promouvoir sa visibilit\u00e9 sous toutes ses formes.<\/p>\n<p>Chaque nouveau projet de l&rsquo;agence est pour nous l&rsquo;occasion de renforcer la richesse de notre pays. Nous contribuons activement \u00e0 la promotion en ligne et au soutien des entreprises locales qui font de ce d\u00e9partement, un endroit unique, cher \u00e0 nos c\u0153urs.[\/vc_column_text][vc_column_text css=\u00a0\u00bb%7B%22default%22%3A%7B%22padding-top%22%3A%2260px%22%2C%22padding-bottom%22%3A%2260px%22%7D%7D\u00a0\u00bb]<\/p>\n<h2>Pourquoi la Dordogne ?<\/h2>\n<p>[\/vc_column_text][vc_column_text css=\u00a0\u00bb%7B%22default%22%3A%7B%22padding-bottom%22%3A%2240px%22%7D%7D\u00a0\u00bb]Ici on est bien, ici on vit bien&#8230;<\/p>\n<p>Avec ses tr\u00e9sors naturels, son patrimoine culturel riche et ses P\u00e9rigordins, ce pays m\u00e9rite bien d\u2019\u00eatre mise en avant. C&rsquo;est aussi une terre de cr\u00e9ativit\u00e9 locale avec un c\u0153ur battant entre tradition et innovation. C\u2019est pourquoi nous avons choisi de concentrer notre activit\u00e9 de communication digitale ici. \u00ab\u00a0Qu&rsquo;ei ua evid\u00e9ncia ent\u00e0 nosautas\u00a0\u00bb<\/p>\n<p>La Dordogne regorge de tr\u00e9sors locaux \u00e0 d\u00e9couvrir pour les visiteurs :<\/p>\n<ul>\n<li>Un environnement naturel pr\u00e9serv\u00e9.<\/li>\n<li>Une riche histoire et un patrimoine architectural exceptionnel.<\/li>\n<li>Une culture gastronomique renomm\u00e9e.<\/li>\n<li>Une communaut\u00e9 entrepreneuriale florissante.<\/li>\n<\/ul>\n<p>Ensemble, nous pouvons faire de notre r\u00e9gion un endroit encore meilleur gr\u00e2ce \u00e0 internet.[\/vc_column_text][vc_column_text css=\u00a0\u00bb%7B%22default%22%3A%7B%22padding-top%22%3A%2260px%22%2C%22padding-bottom%22%3A%2260px%22%7D%7D\u00a0\u00bb]<\/p>\n<h2>Les acteurs du web en Dordogne<\/h2>\n<p>[\/vc_column_text][vc_column_text css=\u00a0\u00bb%7B%22default%22%3A%7B%22padding-bottom%22%3A%2260px%22%7D%7D\u00a0\u00bb]La liste n&rsquo;est pas exhaustive. Elle est en constante \u00e9volution m\u00eame si nous ne souhaitons pas cr\u00e9er un annuaire professionnel en ligne. N&rsquo;h\u00e9sitez pas \u00e0 nous faire part des initiatives web existantes sur d&rsquo;autres sites ou d&rsquo;autres villes.[\/vc_column_text][vc_column_text css=\u00a0\u00bb%7B%22default%22%3A%7B%22padding-top%22%3A%2260%22%2C%22padding-bottom%22%3A%2240px%22%7D%7D\u00a0\u00bb]<\/p>\n<h3>Bergerac<\/h3>\n<p>[\/vc_column_text][vc_column_text css=\u00a0\u00bb%7B%22default%22%3A%7B%22padding-bottom%22%3A%2260px%22%7D%7D\u00a0\u00bb]<a href=\"https:\/\/www.la-wab.fr\/\" target=\"_blank\" rel=\"noopener\">La Wab<\/a><br \/>\nDepuis 2016, Formation et Reconversion aux m\u00e9tiers du Web gr\u00e2ce \u00e0 des titres d&rsquo;\u00c9tat (UI\/UX Design, Entrepreneur Digital&#8230;) et des certifications professionnelles (SEO, WordPress, Vid\u00e9o&#8230;)<\/p>\n<p><a href=\"https:\/\/www.gen24.fr\/\" target=\"_blank\" rel=\"noopener\">Groupement d&#8217;employeurs Num\u00e9rique en Dordogne &#8211; GEN24<\/a><br \/>\nRecrutement et mise \u00e0 disposition de salari\u00e9s &#8211; Partage et mutualisation de comp\u00e9tences num\u00e9riques.<\/p>\n<p class=\"LC20lb MBeuO DKV0Md\"><a href=\"https:\/\/www.letafcafe.fr\/\" target=\"_blank\" rel=\"noopener\">Le TAF Caf\u00e9\u00a0 &#8211; Coworking &amp; Tiers Lieux<\/a>\u00a0&#8211;<br \/>\nPour tous les gens qui ont des trucs \u00e0 faire ! Le TAF Caf\u00e9 est un espace calme et cosy pour travailler, \u00e9tudier, rencontrer, \u00e9changer ou m\u00eame chiller en ville !<\/p>\n<p><a href=\"https:\/\/www.bergerac.fr\/campus-connecte-bergerac-sud-perigord\/\" target=\"_blank\" rel=\"noopener\">Le Campus connect\u00e9 Sud &#8211; P\u00e9rigord<\/a><br \/>\nC\u2019est un lieu d\u2019\u00e9tudes qui met \u00e0 votre disposition des espaces de travail individuels et collectifs connect\u00e9s o\u00f9 vous pouvez, \u00e0 partir de votre ordinateur personnel ou de ceux mis \u00e0 votre disposition, suivre la formation \u00e0 distance de l\u2019enseignement sup\u00e9rieur (DAEU, BTS, DUT, DU, Licence, Master, etc\u2026) \u00e0 laquelle vous vous \u00eates inscrits. Le Campus connect\u00e9 est h\u00e9berg\u00e9 dans les locaux de la WAB, rue de la R\u00e9sistance.[\/vc_column_text][vc_column_text css=\u00a0\u00bb%7B%22default%22%3A%7B%22padding-top%22%3A%2260px%22%2C%22padding-bottom%22%3A%2240px%22%7D%7D\u00a0\u00bb]<\/p>\n<h3>P\u00e9rigueux<\/h3>\n<p>[\/vc_column_text][vc_column_text css=\u00a0\u00bb%7B%22default%22%3A%7B%22padding-bottom%22%3A%2240px%22%7D%7D\u00a0\u00bb]<a href=\"https:\/\/www.perigordnumerique.fr\/\" target=\"_blank\" rel=\"noopener\">P\u00e9rigord Num\u00e9rique<\/a><br \/>\nPour en savoir plus sur les projets d&rsquo;am\u00e9nagement de la fibre et de d\u00e9veloppement num\u00e9rique sur le d\u00e9partement.<\/p>\n<p><a href=\"https:\/\/www.dordogne.fr\/relever-les-defis-du-21e-siecle\/lavenir-en-grand\/mediation-numerique\" target=\"_blank\" rel=\"noopener\">M\u00e9diation num\u00e9rique &#8211; Le d\u00e9partement<\/a><br \/>\nLa strat\u00e9gie en faveur de l\u2019inclusion num\u00e9rique.<\/p>\n<p class=\"LC20lb MBeuO DKV0Md\"><a href=\"https:\/\/www.conseiller-numerique.gouv.fr\/regions\/Nouvelle-Aquitaine\/Dordogne\" target=\"_blank\" rel=\"noopener\">Les conseillers num\u00e9riques France Services<\/a><br \/>\nLa carte interactive du dispositif dans le d\u00e9partement.<\/p>\n<p><a href=\"https:\/\/www.artisanat24.com\/\" target=\"_blank\" rel=\"noopener\">Conseiller num\u00e9rique de la Chambre des M\u00e9tiers et de l&rsquo;Artisanat<\/a><br \/>\nLa CMA r\u00e9pond aux besoins des artisans en mati\u00e8re d&rsquo;investissement et de cr\u00e9ation pour tout\u00a0 &#8211; Thomas houcke &#8211; 05 53 35 87 00<\/p>\n<p><a href=\"https:\/\/dordogne.cci.fr\/\" target=\"_blank\" rel=\"noopener\">Conseiller num\u00e9rique de la Chambre de Commerce et de l&rsquo;Industrie<\/a><br \/>\nCCI &#8211; Samuel Coste &#8211; 05 53 35 80 80<\/p>\n<p><a href=\"https:\/\/frenchtechperigord.fr\/\" target=\"_blank\" rel=\"noopener\">French Tech P\u00e9rigord<\/a><br \/>\nL&rsquo;association a pour vocation de f\u00e9d\u00e9rer et de rassembler les start-up et les entreprises innovantes de l\u2019\u00e9cosyst\u00e8me p\u00e9rigourdin.<\/p>\n<p><a href=\"https:\/\/campus.perigueux.u-bordeaux.fr\/\" target=\"_blank\" rel=\"noopener\">Le Campus connect\u00e9 P\u00e9rigord<\/a><br \/>\nC\u2019est un lieu d\u2019\u00e9tudes qui met \u00e0 votre disposition des salles de cours connect\u00e9es et \u00e9quip\u00e9es, o\u00f9 vous pouvez, \u00e0 partir de votre ordinateur personnel ou d\u2019ordinateurs mis \u00e0 votre disposition sur place, suivre la formation \u00e0 distance \u00e0 laquelle vous vous \u00eates inscrits aupr\u00e8s d\u2019une universit\u00e9 ou d\u2019une \u00e9cole. Cr\u00e9\u00e9 en 2011, le Campus est situ\u00e9 dans un \u00e9crin de verdure, \u00e0 proximit\u00e9 du centre-ville.<\/p>\n<p>Microrecup<br \/>\nL&rsquo;association est sp\u00e9cialis\u00e9e dans le r\u00e9emploi et le recyclage de mat\u00e9riel informatique. Microrecup a un triple objectif :<br \/>\n&#8211; Social<br \/>\nEn accueillant des personnes en situation d&rsquo;exclusion<\/p>\n<p>-Economique<\/p>\n<p><strong>&#8211;<span>\u00a0<\/span><em>Economique<\/em><span>\u00a0<\/span>: \u00a0 informatique durable, r\u00e9duire la fracture num\u00e9rique et sociale<\/strong><\/p>\n<p><strong>&#8211;<span>\u00a0<\/span><em>Environnemental<\/em><span>\u00a0<\/span>:\u00a0\u00a0 op\u00e9rations de recyclage des d\u00e9chets DEEE.<\/strong><\/p>\n<p><strong>Nous sommes sp\u00e9cialis\u00e9 dans le r\u00e9emploi et le recyclage de mat\u00e9riel informatique.\u00a0\u00a0\u00a0<\/strong><\/p>\n<p>https:\/\/microrecup.fr\/[\/vc_column_text][vc_column_text css=\u00a0\u00bb%7B%22default%22%3A%7B%22padding-top%22%3A%2260px%22%2C%22padding-bottom%22%3A%2240px%22%7D%7D\u00a0\u00bb]<\/p>\n<h3>Sarlat<\/h3>\n<p>[\/vc_column_text][vc_column_text css=\u00a0\u00bb%7B%22default%22%3A%7B%22padding-bottom%22%3A%2240px%22%7D%7D\u00a0\u00bb]<a href=\"https:\/\/sarlatech.fr\/\" target=\"_blank\" rel=\"noopener\">Sarlatech<\/a><br \/>\nCoworking, bureaux priv\u00e9s, salles de r\u00e9union, salle de formation, FabLab, Incubateur&#8230; Un lieu unique cr\u00e9atif, stimulant et anim\u00e9, pour se concentrer, \u00e9crire, parler, organiser une r\u00e9union en ligne, prendre un caf\u00e9 avec un client, passer des appels et visioconf\u00e9rences\u2026 Tout l&rsquo;internet dans les meilleures conditions ![\/vc_column_text][vc_column_text css=\u00a0\u00bb%7B%22default%22%3A%7B%22padding-top%22%3A%2260px%22%2C%22padding-bottom%22%3A%2240px%22%7D%7D\u00a0\u00bb]<\/p>\n<h3>Nontron<\/h3>\n<p>[\/vc_column_text][vc_column_text css=\u00a0\u00bb%7B%22default%22%3A%7B%22padding-bottom%22%3A%2240px%22%7D%7D\u00a0\u00bb]<a href=\"https:\/\/lesonneur.org\/\">Tiers-lieu Le sonneur<\/a><br \/>\nUn espace de Coworking \u00e0 St Pierre de Frugie en P\u00e9rigord-Limousin&#8230;<br \/>\nBureaux partag\u00e9s pour travailler et s&rsquo;entraider, cabinet partag\u00e9 \u00e0 l&rsquo;usage des th\u00e9rapeutes ou des consultant-e-s (r\u00e9servation \u00e0 la demi journ\u00e9e).[\/vc_column_text][vc_column_text css=\u00a0\u00bb%7B%22default%22%3A%7B%22padding-bottom%22%3A%2240px%22%7D%7D\u00a0\u00bb][\/vc_column_text][\/vc_column][\/vc_row]<\/p>\n","protected":false},"excerpt":{"rendered":"<p>[vc_row height=\u00a0\u00bbauto\u00a0\u00bb us_bg_image_source=\u00a0\u00bbmedia\u00a0\u00bb us_bg_image=\u00a0\u00bb8478&Prime; us_bg_size=\u00a0\u00bbinitial\u00a0\u00bb us_bg_pos=\u00a0\u00bbbottom center\u00a0\u00bb us_bg_overlay_color=\u00a0\u00bbrgba(0,0,0,0.30)\u00a0\u00bb][vc_column][us_separator size=\u00a0\u00bblarge\u00a0\u00bb][us_post_title tag=\u00a0\u00bbh1&Prime; align=\u00a0\u00bbcenter\u00a0\u00bb css=\u00a0\u00bb%7B%22default%22%3A%7B%22color%22%3A%22%23ffffff%22%7D%7D\u00a0\u00bb][us_breadcrumbs show_current=\u00a0\u00bb1&Prime; align=\u00a0\u00bbcenter\u00a0\u00bb css=\u00a0\u00bb%7B%22default%22%3A%7B%22color%22%3A%22_header_middle_bg%22%2C%22font-size%22%3A%2215px%22%7D%2C%22mobiles%22%3A%7B%22font-size%22%3A%2212px%22%7D%7D\u00a0\u00bb][us_separator size=\u00a0\u00bblarge\u00a0\u00bb][\/vc_column][\/vc_row][vc_row height=\u00a0\u00bbauto\u00a0\u00bb][vc_column][vc_column_text css=\u00a0\u00bb%7B%22default%22%3A%7B%22padding-top%22%3A%22120px%22%2C%22padding-bottom%22%3A%2260px%22%7D%7D\u00a0\u00bb] Notre Engagement envers la Dordogne [\/vc_column_text][vc_column_text css=\u00a0\u00bb%7B%22default%22%3A%7B%22padding-bottom%22%3A%2240px%22%7D%7D\u00a0\u00bb]Web Dordogne\u00ae est une agence locale \u00e0 100%. Chaque collaborateur r\u00e9side en Dordogne et nous travaillons uniquement pour les structures locales sur les arrondissements de Bergerac, P\u00e9rigueux, Sarlat et Nontron. Nous [&hellip;]<\/p>\n","protected":false},"author":1,"featured_media":0,"parent":31,"menu_order":1,"comment_status":"closed","ping_status":"closed","template":"","meta":{"footnotes":""},"class_list":["post-71","page","type-page","status-publish","hentry"],"_links":{"self":[{"href":"https:\/\/xp1.webdordogne.com\/index.php\/wp-json\/wp\/v2\/pages\/71","targetHints":{"allow":["GET"]}}],"collection":[{"href":"https:\/\/xp1.webdordogne.com\/index.php\/wp-json\/wp\/v2\/pages"}],"about":[{"href":"https:\/\/xp1.webdordogne.com\/index.php\/wp-json\/wp\/v2\/types\/page"}],"author":[{"embeddable":true,"href":"https:\/\/xp1.webdordogne.com\/index.php\/wp-json\/wp\/v2\/users\/1"}],"replies":[{"embeddable":true,"href":"https:\/\/xp1.webdordogne.com\/index.php\/wp-json\/wp\/v2\/comments?post=71"}],"version-history":[{"count":0,"href":"https:\/\/xp1.webdordogne.com\/index.php\/wp-json\/wp\/v2\/pages\/71\/revisions"}],"up":[{"embeddable":true,"href":"https:\/\/xp1.webdordogne.com\/index.php\/wp-json\/wp\/v2\/pages\/31"}],"wp:attachment":[{"href":"https:\/\/xp1.webdordogne.com\/index.php\/wp-json\/wp\/v2\/media?parent=71"}],"curies":[{"name":"wp","href":"https:\/\/api.w.org\/{rel}","templated":true}]}}